 f(s) = -2*s**2 + 4*s - 16. Give f(3).
-22
Let m(k) = -k**3 + 2*k**2 - 4*k + 7. Calculate m(2).
-1
Let p(r) = -r**3 - 14*r**2 - 13*r - 18. Calculate p(-13).
-18
Let d(u) = 10*u - 455. Determine d(45).
-5
Let s(c) = -c + 11. Determine s(-15).
26
Let g(q) = -5*q**2 + 26*q + 26. Determine g(-1).
-5
Let t(x) = x**2 + 5*x - 1. Calculate t(-4).
-5
Let j(o) = o**2 + 30*o + 13. Calculate j(-29).
-16
Let w(n) = -n**2 - 2*n - 8. Give w(0).
-8
Let z(g) = g**3 - 8*g**2 - 8*g + 11. What is z(9)?
20
Let k(x) = 13*x + 77. What is k(-6)?
-1
Let r(y) = -y**2 + 21*y + 71. What is r(23)?
25
Let z(m) = -104*m**3 - m**2 + 2*m. Give z(1).
-103
Let x(d) = -d**2 + 12*d + 16. Calculate x(-2).
-12
Let q(k) = k**3 + 33*k**2 + 33*k + 33. Calculate q(-32).
1
Let q(d) = d**3 - 2*d**2 + 6*d - 6. Calculate q(2).
6
Let r(j) = 8*j**3 - j**2 - 2*j - 1. Determine r(-1).
-8
Let j(m) = m**3 - 19*m**2 + 2*m - 38. Determine j(19).
0
Let s(v) = -v - 42. Calculate s(-22).
-20
Let d(w) = -w**3 - w**2 + w + 1. Determine d(-3).
16
Let t(n) = -n**3 - 5*n**2 - 4*n + 2. Determine t(-4).
2
Let z(y) = 70*y - 1. What is z(0)?
-1
Let v(l) = 2*l**3 + 11*l**2 - 6*l + 4. Give v(-6).
4
Let x(k) = k**3 - 7*k**2 + 5*k + 4. Determine x(6).
-2
Let b(z) = -3*z**2 + 9*z + 9. Give b(4).
-3
Let d(y) = -y**3 + 8*y - 7. What is d(2)?
1
Let h(x) = -x**3 + 3*x**2 + 8*x - 2. Determine h(5).
-12
Let v(r) = -r + 7. What is v(19)?
-12
Let c(y) = -54*y - 318. Determine c(-6).
6
Let b(g) = -2*g**2 + 74*g - 56. What is b(36)?
16
Let w(a) = a**2 - a - 4. Calculate w(-3).
8
Let a(i) = i**2 - 3*i - 49. Give a(9).
5
Let o(k) = k**3 + 16*k**2 - 2*k - 40. Give o(-16).
-8
Let i(q) = -q**3 + 30*q**2 - 54*q - 51. Give i(28).
5
Let p(r) = -3*r + 2. Give p(-1).
5
Let q(r) = -5*r - 42. What is q(-6)?
-12
Let h(b) = 35*b - 308. Give h(9).
7
Let w(d) = 5*d + 2. Determine w(3).
17
Let l(x) = -4*x + 4. Give l(10).
-36
Let r(h) = h**3 - 13*h**2 - 15*h + 7. Determine r(14).
-7
Let j(s) = s**3 - 2*s - 5. Give j(0).
-5
Let d(x) = -7*x. Determine d(-7).
49
Let f(p) = -p - 7. Determine f(7).
-14
Let t(c) = c + 14. Determine t(-6).
8
Let n(j) = j + 150. Give n(0).
150
Let v(o) = o**2 - o - 19. Give v(0).
-19
Let g(u) = 3*u - 17. Calculate g(-3).
-26
Let l(o) = -2*o**3 + 68*o**2 - 64*o - 63. Give l(33).
3
Let f(r) = 2*r**3 + 5*r**2 - 2*r + 5. Determine f(-4).
-35
Let n(q) = 10*q**3 - 3*q**2 + 1. Calculate n(2).
69
Let o(v) = -32*v + 222. Determine o(7).
-2
Let h(s) = s**2 - 16*s - 41. Give h(19).
16
Let x(f) = 2*f + 2. Calculate x(1).
4
Let n(y) = -38*y**3 - y**2 + 2*y - 1. Calculate n(1).
-38
Let s(y) = -y**3 + 8*y**2 - 2*y + 12. Give s(8).
-4
Let g(v) = 41*v - 219. Determine g(6).
27
Let v(z) = -z**2 - 13*z - 6. What is v(-14)?
-20
Let z(j) = -j**3 - 2*j**2 + 1. Calculate z(-4).
33
Let y(j) = j - 29. Determine y(0).
-29
Let c(h) = -14*h**3 + h + 1. Calculate c(-1).
14
Let s(x) = -x**3 + 13*x**2 - 9*x - 8. Give s(12).
28
Let x(v) = 3*v**2 + 38*v - 21. What is x(-13)?
-8
Let g(s) = s**2 + s + 1. Determine g(-2).
3
Let l(h) = 101*h - 2019. Calculate l(20).
1
Let j(q) = q**2 + q. Give j(-5).
20
Let h(r) = -r + 18. Give h(13).
5
Let b(h) = -6*h - 3. What is b(3)?
-21
Let j(k) = 2*k**3 + 42*k**2 + 40. Calculate j(-21).
40
Let q(j) = j**3 - j - 21. Determine q(0).
-21
Let x(i) = 2*i + 78. Calculate x(-36).
6
Let j(g) = -g**2 - 5*g - 74. Calculate j(0).
-74
Let d(l) = -l**3 - 7*l**2 - 5*l - 5. Calculate d(-6).
-11
Let q(k) = 92*k**2 + 4*k + 2. What is q(-1)?
90
Let j(w) = -6*w**2 - 3*w + 7. Determine j(3).
-56
Let r(f) = f**3 - 17*f**2 + 16*f - 16. What is r(16)?
-16
Let c(t) = -137*t - 408. Determine c(-3).
3
Let u(m) = -7*m + 68. Calculate u(10).
-2
Let z(y) = -y**3 - 3*y**2 + 8*y + 13. What is z(-4)?
-3
Let o(i) = 2*i**2 + 46*i - 49. What is o(-24)?
-1
Let f(k) = -k**2 + 5. Calculate f(2).
1
Let l(c) = -17*c. What is l(4)?
-68
Let d(a) = -a**2 - 4*a. Give d(-4).
0
Let s(h) = -h**3 + 6*h**2 + 4*h - 13. Calculate s(6).
11
Let v(f) = 208*f + 619. Give v(-3).
-5
Let v(u) = -13*u**2 - 31*u - 1. What is v(-3)?
-25
Let g(v) = -v**2 - 11*v + 2. Calculate g(-11).
2
Let r(n) = -n**3 - 7*n**2 - 6*n + 25. Give r(-5).
5
Let p(u) = u**3 + 13*u**2 - 3*u - 36. What is p(-13)?
3
Let z(h) = -5*h - 8. Calculate z(5).
-33
Let l(j) = -2*j - 12. Determine l(-9).
6
Let r(m) = 2*m**2 + 8*m - 1. What is r(-6)?
23
Let n(z) = -2*z - 5. What is n(-7)?
9
Let f(n) = -4*n**3 - 309*n**2 - 78*n - 84. Give f(-77).
-7
Let k(b) = -b**2 - 14*b - 16. Give k(-12).
8
Let q(f) = f**2 + 41*f + 358. Determine q(-27).
-20
Let q(b) = 14*b + 10. Give q(-3).
-32
Let z(c) = c - 5. What is z(17)?
12
Let p(f) = -3*f**3 - 3*f**2 + 5*f + 4. Determine p(3).
-89
Let c(k) = 3*k - 9. Give c(6).
9
Let i(s) = s**2 + 15*s + 2. Determine i(-7).
-54
Let u(z) = -z + 5. Determine u(-7).
12
Let f(n) = -n**3 - 5*n**2 + 6*n + 1. Calculate f(-5).
-29
Let a(l) = -5*l**2 - 2*l - 6. Calculate a(-2).
-22
Let c(l) = l**2 - 14*l - 37. Give c(-2).
-5
Let u(r) = -3*r + 4. Determine u(0).
4
Let f(y) = 17*y - 6. Determine f(0).
-6
Let p(g) = 3*g**2 + 4*g + 12. What is p(-5)?
67
Let n(b) = -b**3 - 9*b**2 - 5*b + 2. Give n(-8).
-22
Let v(q) = 4*q + 30. Give v(10).
70
Let p(i) = -i + 3. Determine p(2).
1
Let g(f) = -f + 1. Give g(-3).
4
Let y(m) = -5*m**3. What is y(-1)?
5
Let g(a) = -a**3 - 6*a**2 + 3*a + 5. What is g(-6)?
-13
Let v(k) = k**3 + 3*k**2 - 4*k - 12. Determine v(-2).
0
Let a(n) = -n - 13. Give a(0).
-13
Let j(v) = v**2 - v - 12. Give j(5).
8
Let o(a) = -15*a - 39. Calculate o(-3).
6
Let t(k) = -k**3 - 10*k**2 - 11*k - 9. Calculate t(-7).
-79
Let m(l) = l**3 + 14*l**2 - 16*l - 29. Calculate m(-15).
-14
Let j(s) = s**2 + s - 7. Calculate j(-5).
13
Let y(x) = 2*x**3 - x**2 + x + 1. What is y(-1)?
-3
Let q(d) = -d**2 - 12*d - 36. Calculate q(-4).
-4
Let h(o) = -o - 6. Give h(-3).
-3
Let i(f) = 13*f - 1. Determine i(1).
12
Let l(h) = -5*h - 4. Give l(0).
-4
Let n(r) = -2*r**3 - 10*r**2 + 3*r + 4. Calculate n(-5).
-11
Let z(w) = -w + 18. What is z(6)?
12
Let o(q) = 43*q + 2. Determine o(2).
88
Let x(i) = 2*i + 22. Determine x(-14).
-6
Let a(b) = b**2 - 4*b + 6. What is a(6)?
18
Let v(f) = 3*f**2 - 44*f - 53. Calculate v(16).
11
Let m(k) = -4*k - 77. Determine m(-22).
11
Let f(a) = -12*a**3 + 84*a**2 - 3. Give f(7).
-3
Let z(o) = o**3 + 3*o**2 - o + 1. Calculate z(-4).
-11
Let q(b) = -3*b + 13. What is q(7)?
-8
Let q(l) = -l**2 - 2*l + 44. Determine q(0).
44
Let g(b) = -b**3 + 11*b**2 - 12*b + 22. Give g(10).
2
Let x(r) = -23*r - 641. Determine x(-28).
3
Let o(s) = 2*s**3 + 6*s**2 - 6*s - 4. Give o(-5).
-74
Let y(b) = 6*b - 53. What is y(16)?
43
Let p(y) = 107*y**2. Give p(1).
107
Let w(o) = o**3 + 10*o**2 + 8*o - 9. Calculate w(-7).
82
Let m(x) = -5*x**3 + x**2 - 1. Determine m(1).
-5
Let y(c) = -c**2 - 9*c + 17. Give y(-10).
7
Let h(g) = -g**2 - 19*g - 56. Determine h(-11).
32
Let d(k) = -k**3 - 5*k**2 + 9*k + 18. Give d(-6).
0
Let t(s) = 36*s + 12. What is t(-1)?
-24
Let v(l) = l**3 - 13*l**2 + 10*l + 5. Calculate v(12).
-19
Let c(i) = 2*i**2 + i + 28. What is c(0)?
28
Let b(o) = -o**3 + 3*o**2 + o + 1. Calculate b(3).
4
Let x(w) = w**3 - 19*w**2 + 3*w - 21. Calculate x(19).
36
Let o(r) = -r**3 + 37*r**2 - 158*r - 63. What is o(32)?
1
Let r(l) = -2*l + 3. What is r(-2)?
7
Let r(b) = -b**3 + 4*b**2 + 24*b - 99. Determine r(4).
-3
Let c(n) = -74*n + 154. Give c(2).
6
Let i(y) = 2*y - 33. What is i(4)?
-25
Let l(d) = -d**2 + 3*d + 3. Give l(-3).
-15
Let n(c) = c**2 + 5*c + 8. Determine n(-7).
22
Let v(y) = -y**3 + 4*y**2 - 5*y + 8. Calculate v(2).
6
Let p(t) = t**3 - 6*t**2 - 17*t + 9. Determine p(8).
1
Let m(p) = p + 3. Determine m(-6).
-3
Let p(j) = -10*j**3 + j**2 + j + 1. Calculate p(-1).
11
Let h(q) = -q**2 - 2*q - 6. Determine h(-5).
-21
Let a(u) = -u**2 + 10*u - 11. Give a(12).
-35
Let p(x) = -x**3 + 5*x**2 + 3*x - 4. Determine p(6).
-22
Let a(p) = 16*p + 56. What is a(-6)?
-40
Let w(q) = q**2 - 3*q - 13. Calculate w(-9).
95
Let z(j) = 7*j**2 + 93*j + 23. Determine z(-13).
-3
Let m(h) = -12*h + 116. Calculate m(11).
-16
Let q(t) = t**3 + 20*t**2 + 4*t + 9. Calculate q(-20).
-71
Let m(o) = o**2 + 20*o + 23. Give m(-17).
-28
Let g(d) = 13*d - 1. Give g(1).
12
Let j(h) = -h**3 - 5*h**2 + 11*h + 32. What is j(-6)?
2
Let g(n) = 60*n - 165. Give g(3).
15
Let h(v) = 17*v - 4. Calculate h(-1).
-21
Let k(z) = z*